 5*j + 423. Suppose -j*x = -51*x + 512. Calculate the highest common divisor of x and 16.
16
Suppose -31*l - 2 = -33*l. Suppose l = -3*d + 19. What is the highest common divisor of 42 and d?
6
Let r = -3 + -77. Let k be r/44 + 2 - 119/(-11). Calculate the highest common divisor of 176 and k.
11
Suppose 3*l + 2*t - 40 = -l, 50 = 5*l - 3*t. Let m(j) = -j**3 - 3*j**2 + 34*j + 22. Let r be m(-8). What is the highest common divisor of r and l?
10
Suppose 336*w = 305*w + 62. Suppose -t + 24 = 3*t. Suppose 0*d = w*d - t. What is the greatest common factor of d and 33?
3
Let r(f) = 4 + f**3 + 16*f**2 + 18 - 25*f**2. Let g be r(9). Calculate the greatest common factor of g and 88.
22
Let f(b) = b**2 + 141 - 57 + 0*b**2. Let p be f(0). Suppose 29*q - 12*q = 7*q + 120. What is the greatest common divisor of q and p?
12
Let i = 1073 - 776. What is the highest common divisor of i and 108?
27
Let g(b) = -2*b**3 + 13*b**2 + 6*b + 9. Let c be g(7). Suppose -182 = -c*y - 94. Calculate the highest common divisor of 88 and y.
44
Let a = -35 - -53. Let z(h) = h**2 + 12*h + 13. Let s be z(7). Let b = -137 + s. Calculate the highest common divisor of b and a.
9
Let v be (2/(-1))/(-2) - -14. Let x(h) = 2*h**2 - 3*h - 5. Suppose -16 = -2*p + 4. Let n be x(p). What is the greatest common factor of n and v?
15
Let k(m) = -m**3 + m**2 + 4. Let p be k(-3). What is the greatest common factor of 24 and p?
8
Let j = -45 + 175. Calculate the highest common divisor of 26 and j.
26
Let q be (200/(-15))/((-2)/9). Suppose 6*c - 135 = 9. Calculate the highest common divisor of q and c.
12
Let m be 10 - (-8 + -23) - 9. Calculate the highest common divisor of m and 784.
16
Suppose 469 = 3*y + 1708. Let o = 698 + y. What is the highest common factor of 114 and o?
57
Let z(h) = -8*h + 152. Let i be z(7). Calculate the greatest common divisor of 128 and i.
32
Let v = -27 + 32. Suppose 0 = -p - w + 28, 4*p + v*w = 46 + 62. Let o = -28 + p. Calculate the highest common factor of o and 28.
4
Suppose j - 11*v = -7*v + 78, 0 = 2*j - 4*v - 156. Calculate the greatest common divisor of j and 130.
26
Suppose -3*t - 3 = -v, 3*t + t = 4*v + 4. Let z be (-3)/t*(-20)/(-3). Suppose 25*c = 58 - 8. Calculate the highest common divisor of z and c.
2
Let m = 387 + -123. Calculate the highest common factor of 168 and m.
24
Let w = 20 + -28. Let z be (64 - 0)*4/w. Let k = 52 + z. Calculate the highest common factor of k and 4.
4
Suppose -4*s - 12 = 12. Let x be 0*3/s - -243. Suppose 3*q - 2*t = 77, 7*q - 10*q + 89 = 4*t. Calculate the greatest common factor of x and q.
27
Let l = 117 + -116. Let k be 2*11/2 + -4. Calculate the greatest common factor of k and l.
1
Suppose 3*t - 79 - 62 = 3*h, -t - 2*h = -53. Let i = 221 + t. What is the greatest common factor of i and 30?
30
Let y(g) = g**2 + 26*g + 2. Let q be y(-26). Suppose 0 = -5*h - q*h + 280. What is the highest common factor of 280 and h?
40
Let p be (5320/16)/19*(322/49 + -6). Let x(i) = -12*i. Let f be x(-5). What is the greatest common divisor of p and f?
10
Let j be (-8 + 3)/(1*1/(-12)). Calculate the highest common divisor of j and 20.
20
Let z = -389 + 1453. Suppose -5*r = -12*r + z. Calculate the greatest common divisor of r and 38.
38
Let c(s) = -s**2 - 2*s + 81. Let r be c(-9). Calculate the highest common divisor of 99 and r.
9
Suppose -b + 143 = 3*h - h, -5*h - 5*b + 365 = 0. Let j = 495 + -485. What is the highest common divisor of h and j?
10
Let p(j) = -56*j - 360. Let b be p(-8). Calculate the highest common factor of 16 and b.
8
Let h(k) = k**3 - 12*k**2 - 29*k + 56. Let m be h(17). Calculate the highest common divisor of 54 and m.
18
Let l(m) = -m**3 + 15*m**2 - 29*m - 8. Let c be l(12). What is the greatest common factor of 95 and c?
19
Suppose -3*n + 507 = 4*c, -375 = c - 4*c + 3*n. Let m = 186 - c. What is the highest common factor of m and 30?
30
Let m = -313 + 488. What is the highest common factor of m and 70?
35
Let q be (21/35 - (-504)/(-90))/((-2)/4). Let t(l) = -8*l. Let r be t(-5). What is the highest common divisor of q and r?
10
Suppose -6 = i - 2*m, 4*i - 5*m + 13 = 2*i. Let q be 1071/99 - i/22. What is the greatest common factor of 55 and q?
11
Let t = 929 - 649. What is the greatest common divisor of t and 728?
56
Suppose -2*f - 3 = a + 3, 0 = 5*a - 5*f - 30. Suppose -a*m = 3*r + 2*m - 296, -2*m = -4. Let h = -6 - -18. Calculate the greatest common divisor of h and r.
12
Let v be (-2)/6*1*0. Suppose -2*h + 6 + 2 = v. Suppose h*f - 900 = -2*f. What is the highest common factor of 15 and f?
15
Let q(r) = -6*r**2 + 28*r + 18. Let w(y) = 7*y**2 - 27*y - 19. Let a(m) = 6*q(m) + 5*w(m). Let n be a(10). Calculate the highest common factor of 27 and n.
27
Let s be (3 + -2)/((-2)/(-18)). Let i = s - -3. Let m be ((-164)/i - 3)*-3. What is the highest common factor of 20 and m?
10
Let j be 153/(10/(-4) - -4). Let p be ((-11)/(-2))/(j/(-108) + 1). Calculate the highest common factor of p and 9.
9
Suppose -24*n = -52*n - 40*n + 1020. Let a(x) = x**3 - 5*x**2 + 2*x - 3. Let f be a(6). What is the highest common factor of n and f?
15
Suppose 0 = -5*g + 26 + 44. Let a(k) = -3*k**2 - 40*k - 71. Let c be a(-11). What is the highest common factor of c and g?
2
Let g be (21/(-28))/((-1)/288). Let t be (g/(-21))/((-3)/14). Calculate the greatest common divisor of t and 12.
12
Suppose -5*m + 4 = -4*m + p, -m + 3*p + 4 = 0. Suppose -3 = -m*y + 9. What is the greatest common factor of y and 9?
3
Let a(v) = v**3 - 4*v**2 + 1. Let t be a(4). Let b(o) = 172*o**3 + o - 2. Let r be b(t). What is the greatest common factor of r and 19?
19
Let r(x) = -32*x + 668. Let h be r(-11). Calculate the highest common divisor of 60 and h.
60
Let y = -227 - -237. Let r(i) = -i**3 + 3*i**2 + 1. Let x be r(2). Calculate the greatest common divisor of y and x.
5
Suppose -774 = -4*w - 82*w. What is the greatest common divisor of 2763 and w?
9
Let j = 28 + -50. Let w = j - -38. Let q(y) = -2*y**3 - 5*y**2 - 3*y - 2. Let k be q(-3). Calculate the highest common factor of k and w.
16
Suppose 9*g + 36 = 90. What is the highest common factor of 192 and g?
6
Let a(n) = 19*n + 6. Suppose -26 = -3*y - j - 3*j, 4*y + 4*j = 32. Let l be a(y). Let f = 155 - 140. Calculate the greatest common factor of f and l.
15
Let b = 136 + -109. What is the highest common factor of b and 432?
27
Let x(w) = 65*w**3 + w**2 - w. Let d be x(1). Let a be 20/6 + 1 + 74/111. Suppose a*i - 76 = 54. What is the greatest common divisor of d and i?
13
Let d(w) = 0 + 1 + w + 0*w - 5. Let n be d(10). Calculate the greatest common factor of 6 and n.
6
Suppose 5*j + 4*f - 295 = 0, 2*j - 5*f = j + 30. Let w be 6590/j - (18/22 - 1). What is the greatest common factor of w and 20?
20
Suppose 4*z + 3*f = 31, 3*z - 2*f - 2 = -0*f. Suppose -g + 119 = 2*g - d, z*g - 144 = 5*d. What is the highest common factor of 164 and g?
41
Let p = -3 - -5. Suppose -10 = -p*k - 2. Suppose -5*f - 2*f = -70. Calculate the greatest common factor of k and f.
2
Let p be ((-413)/28)/((-1)/4). Let v = p + -11. What is the greatest common factor of 12 and v?
12
Suppose 5*y = -8*g + 6*g + 58, 2*g - 54 = -3*y. Calculate the highest common factor of g and 12.
12
Let z be (-110)/3*((-6)/(-4) + -3). What is the greatest common factor of z and 825?
55
Let x be 7/((-14)/52)*(-6)/12. Calculate the highest common factor of x and 169.
13
Let j(q) = q**3 + 31*q**2 + 48*q + 44. Let p be j(-27). Calculate the greatest common factor of 52 and p.
52
Let h(t) = -5*t - 3. Let w be h(1). Let g be (-2 - w)*(-7)/(-2). Suppose -2*l = d - 25, 5*l + 4*d - 66 + 8 = 0. What is the highest common factor of g and l?
7
Let a be 4 + -7 + 6/2. Suppose a = l - z - 58, 0 = -4*l - 5*z + 149 + 119. Suppose -2*c + l + 88 = 0. What is the highest common divisor of c and 30?
15
Suppose c + 0*c - 5 = 0. Suppose 0*n + l = n - c, -20 = 5*l. Let s(b) = 18*b**2. Let z be s(n). Calculate the greatest common factor of 18 and z.
18
Let h(l) = -l + 22. Let b(r) = r - 12. Let q be b(17). Let z be h(q). Calculate the greatest common divisor of z and 17.
17
Suppose 7*k - 63 - 7 = 0. What is the highest common factor of 65 and k?
5
Suppose -3*v = v + 2*l - 1484, 4*l = 3*v - 1113. Calculate the highest common factor of v and 212.
53
Let n be (-1494)/(-72) - 2/(-8). What 